+ 2))?
7
Evaluate 8 + 3 + -9 + 12.
14
1 + 2 - (31 - 20)
-8
What is 4 + -27 - ((1 - 1) + (-112 - -106))?
-17
What is -6 + (-49 + 31 - (-4 - -2))?
-22
What is 7 + (-10 - (5 + -8) - 0)?
0
What is the value of 26 - (31 + (-10 - 8))?
13
What is the value of (-33 - -52) + (-9 - 6)?
4
Calculate (0 - -3 - 24) + 4.
-17
Evaluate (15 - 7) + (-12 - -7) + 10.
13
What is the value of -4 - ((6 - -9) + -3) - (1 + -2)?
-15
Calculate -1 - -8 - (-39 - -49) - 9.
-12
10 - (-4 - (-5 - 2)) - (17 - -5)
-15
What is 1 - ((-10 - -1) + 0)?
10
What is (-1 - 13) + -349 + 373?
10
-1 + 5 + 0 + -19 + 2 + 4
-9
-35 - -34 - (1 - 12)
10
Evaluate (-13 - (-38 + 54)) + 26.
-3
What is 14 - (0 + (5 - (3 - 25)))?
-13
Evaluate 33 - 36 - (-5 - (-3 + 3) - -1).
1
-18 + -8 + (-14 - -22)
-18
-3 - ((0 + 17 - (10 + -4)) + -3)
-11
-7 - ((3 - -5) + -8)
-7
What is 7 + (-13 - 10) + 0?
-16
What is -2 + 13 + -3 - 3 - 6 - 15?
-16
Calculate -4 - (-51 + 51 + (0 - -2) - 5).
-1
Calculate 12 + -9 - 1 - (3 + -3 + -2).
4
Calculate 2 + (6 - -1 - (-98 + 82)).
25
What is the value of 12 - (46 - 20) - 7?
-21
Calculate 135 + -189 - (-3 - 29).
-22
Calculate -39 + 34 + 1 + -10.
-14
What is the value of (-10 - -2) + 3 - -10?
5
What is 4 + 11 - (5 + 1)?
9
10 - (20 - ((1 - -17) + -13))
-5
What is 10 + -3 + (-5 - -3 - 15)?
-10
Calculate 9 + 2 - -7 - ((-4 - -24) + -11).
9
What is the value of 4 - (-16 - (-10 + -2 - -2))?
10
11 - ((-2 - -2) + 1 + (99 - 105))
16
(-9 - -14 - 13) + (20 - 15)
-3
Evaluate 11 + -13 + (1 - 1) + 9.
7
What is the value of (16 - 36 - -24) + 8?
12
4 + 2 - (2 + (-12 - (0 + 5)))
21
Calculate -33 - (-3 - -9 - 23) - -16.
0
Calculate 7 - (15 - (22 - 14)).
0
What is -18 + 29 + -31 - (-2 + 0 + -6)?
-12
What is the value of -23 + -20 + 18 + 8?
-17
42 - (-2 + 0 + 20)
24
-6 + 16 + (-10 - -11) + -6
5
What is the value of -10 - (17 + (-16 - 34))?
23
Calculate -1 - (34 - (26 - -26)).
17
-15 + (0 - -1) - (-380 + 398)
-32
Calculate -23 + (-12 - -46 - 31).
-20
Evaluate (-3 - -1) + 0 + -4 + (8 - 6).
-4
What is -11 + 1 + 175 + -172 + (0 - -37)?
30
What is (7 - (5 + -4)) + -4 + 4?
6
Evaluate (-11 + -13 - -41) + -42.
-25
What is the value of -16 - (3 + -12 - (3 + -9))?
-13
Calculate 205 + -206 + (3 - (-8 + (-1 - -3))).
8
-2 + 0 + (-10 + 11 - (1 + -20))
18
What is -1 + 3 + 0 + 72 + -75?
-1
Calculate -21 - ((-1 - 13 - -13) + 2).
-22
What is -4 + -7 + 6 + 19 + (-1 - 2)?
11
What is the value of -3 + (-5 - -41) + 3?
36
Calculate 11 + -13 + -16 - -4.
-14
(4 - 12) + (10 - 6) + 9 + -35
-30
-1 - (4 - -5) - -2
-8
Calculate -11 - (-6 - 18) - (0 + 8).
5
Calculate (0 + 0 - -9) + (-1367 - -1340).
-18
Calculate (-8 + (18 - (5 + -3)) - -8) + 3.
19
What is -10 + (1 - (-6 - 18))?
15
Evaluate 22 - (45 + -21) - 9.
-11
Evaluate 12 + 2 + (-6 - (-29 + 4 + 8)).
25
2 - 10 - (-9 - -7 - 27)
21
What is 14 - ((6 - 3) + -1 - (33 - 34))?
11
1 + -5 - (26 + -12 + -4)
-14
-10 + -1 + 10 + (-7 - 0)
-8
Calculate -2 + (-9 - -10) + (-12 - -3).
-10
-1 + (12 - 4) + -11
-4
What is the value of -14 - -1 - (-42 - -37)?
-8
Evaluate (8 - 6 - (-44 - -46)) + (1 - -6).
7
What is 140 + -146 + (-2 - -15)?
7
What is the value of 8 + -5 + (-1 + 3 - 9)?
-4
(42 - (24 - -11)) + (-1 - -9)
15
Calculate (136 - 132) + -29 + 2.
-23
What is (127 - 133) + (-1 + 0 - -4)?
-3
What is the value of -12 + -4 + 11 - (4 - -1 - 2)?
-8
What is 13 - 27 - (4 + 3 - (6 - 0))?
-15
Calculate 11 + -4 + 12 + -17 - -4.
6
What is the value of ((-3 - 1) + (-208 - -205) - -25) + 11?
29
What is 0 + 0 + 2 - ((-1 - -4) + 12)?
-13
Evaluate 1 + 0 + -17 - (3749 - 3739).
-26
Evaluate (8 - (19 + 7)) + (7 - 6 - 5).
-22
Evaluate 14 - 23 - 13 - -10.
-12
What is (9 - 18) + (-9 - -14)?
-4
-7 - ((15 - 10) + -16 + -3 - -1)
6
Calculate 728 + -725 - (23 + 2).
-22
What is the value of 35 - 19 - (-1 - (4 - 3))?
18
What is 24 - 0 - (11 - (16 - 10))?
19
Evaluate (-23 - ((14 - 22) + 11)) + 14.
-12
What is (27 + -29 - (9 - 1)) + 1 + 4?
-5
-2 + -5 + 2 - ((-22 - -1) + 6)
10
What is -4 + (2 - (9 + -16 + 11)) - -9?
3
What is 14 - (-16 + 9 - (-2 - 19 - -5))?
5
Evaluate (9 - 5) + (2 - (-8 - -29)).
-15
What is (-3 - -8) + -6 - -13?
12
What is (15 - -14) + 6 + -18?
17
What is -3 + -10 + 4 - (-6 + 5)?
-8
What is -66 - -76 - (0 - 1)?
11
Evaluate 9 + 129 + -136 + (0 - (0 + 1)).
1
Calculate -22 + 12 + (105 - 68).
27
-126 + 141 + (-2 - 23)
-10
What is the value of -1 + 6 + 1 - (-8 + 13 + -3)?
4
What is the value of (-1 + -5 - -16) + (-1 - -1) + -5?
5
Evaluate (-1 - 2) + (-2 - 7 - -2) + 24.
14
What is the value of (27 - 10) + (130 - 119)?
28
Evaluate -14 + 2 - (-18 + 34 + -10).
-18
123 + -132 - (12 - -4)
-25
3 - (8 - 4 - (-1 + 8))
6
What is (50 - 54) + -12 + 26?
10
18 - (-1 + -13 - -19)
13
What is the value of 13 + 1 + (-13 - -7) - (-3 - 4)?
15
What is the value of -22 - -12 - (4 - 21)?
7
What is the value of 7 - (11 + -2 + 7 + -20)?
11
Evaluate 35 + (-24 - 6) + -31.
-26
What is (4 - (-3 + 3) - 9) + 11 - 17?
-11
-4 - (6 - (-1 + -3 - (30 - 39)))
-5
Evaluate 6 - 1 - (-7 + 17).
-5
Evaluate 31 + -23 + 0 + -34 + (4 - 2).
-24
Evaluate (11 + -30 - -18) + (4 - 0).
3
Calculate -3 + 2 + -4 - -1 - -8 - 1.
3
What is -782 - -808 - (35 + 1)?
-10
Calculate (-2 - -1) + 32 + -25 + 9.
15
Evaluate -1 + -5 + -1499 + 1507.
2
(39 - 45) + (4 - 0) + -5 + -20
-27
What is the value of -2 + -6 + (-111 - -112 - (-10 - -1))?
2
Calculate (-5 - 2) + (19 + -7 - 6).
-1
Calculate (12 - (10 + 10 + -7)) + 26.
25
What is the value of (3 - -2) + -12 + 7 + -3?
-3
What is -1 - (51 - 22) - -2?
-28
Evaluate 1 - (4 - (0 - 6)).
-9
What is -60 + 10 + 13 + 19?
-18
Evaluate (11 - (-37 + 26)) + -23.
-1
Evaluate 0 + -3 + 20 + -9 + -6.
2
-11 - (7 - (14 - 21 - -11))
-14
Evaluate -98 - -77 - (-3 - (2 - (-5 - -3))).
-14
What is (-8 - -23) + (7 + -10 - -8)?
20
What is the value of 2 - (0 + 2 + -6 - (-16 - 2))?
-12
What is 67 + -76 + (10 - 4)?
-3
16 + -8 + -18 + 18
8
Evaluate (2 - 10) + 3 - (94 - 108).
9
1 + 27 - (-253 + 261)
20
-16 + 31 + -21 + 9
3
-7 - (-5 + 7 + -11 + -2) - -2
6
Calculate 7 + -8 + -28 - -17.
-12
-7 + (7 + 0 + (94 - 98) - -4)
0
Evaluate (1 - 5) + (23 + -13 - 13) + 6.
-1
Calculate (-44 - -30) + 5 + 0.
-9
-5 - (11 + 3) - (-1 + (4 - 4))
-18
Evaluate -14 + 12 + 3 - 5.
-4
-34 - ((1 - 4) + 32 + -33)
-30
Calculate -1 + 21 - ((78 - 87) + 11).
18
What is -2 + -4 - (-16 + -2)?
12
What is the value of -2 + -10 + -1 + 9 - (-1 - -7)?
-10
What is the value of -24 + 18 + (-12 - -30 - 30)?
-18
Evaluate 5 + (7 - 7 - 2 - -6 - -5).
14
What is the value of 65 + -75 + 0 + 17?
7
3 + -3 + 24 + -18
6
What is the value of (23 - (-49 - -70)) + 19 + 1?
22
3557 + -3574 - (0 - (2 - (1 + 0)))
-16
What is 7 + -3 - (4 + (-5 - -8))?
-3
-10 + (-16 - -26) - ((2 - 12) + 1)
9
What is -2 - 2 - (112 - 120)?
4
Evaluate 0 + (0 - (-5 + 5) - 12).
-12
Calculate 2927 - 2901 - (-1 + 8 + -2).
21
What is the value of (13 - -20 - 19) + -1 + 10?
23
-93 + 81 + -1 + 25
12
What is the value of -22 + -66 + 35 + 27?
-26
8 - (-14 + (11 - 15) + 10)
16
Calculate 20 + (-15 - -11 - 3).
13
What is the value of 2 - -6 - (14 + (7 - 14 - -20))?
-19
What is the value of 8 + -1 + -30 + 18?
-5
Evaluate (-1 - -19 - (8 - 6)) + -20 + 16.
12
Calculate -2 - (13 - 34) - 9.
10
Evaluate (-18 + 28 - 17) + -15 + -3.
-25
What is 603 + -642 - (-49 - 0)?
10
What is the value of (-34 - -1) + (1141 - 1109)?
-1
What is the value of 25 - (-16 - -13 - -15) - 48?
-35
What is -42 + 43 + -1 + 4 + (-8 - -4)?
0
Evaluate -18 - ((-18 - -19) + -3).
-16
Calculate (3 - (3 - (0 + -12))) + (-34 - -39).
-7
What is (-8 - -3) + 11 - (17 + -4)?
-7
Calculate 1 - (7 - (-7 + 0 + 14) - 5).
6
What is 65 - 64 - (-1 + (4 - 2))?
0
What is 42 + -10 - (23 + 16)?
-7
What is 60 - (-22 + 22 - -20)?
40
What is -17 - ((-6 - -6) + (-35 - 9))?
27
Calculate (18 - (-13 + 37)) + (-1 - 11) + 2.
-16
What is the value of 11 + (-2 - (25 + 6 + -20))?
-2
17 + -2 - (5 - (-1 + -4))
5
Calculate -11 - (-9 + -6 + 12).
-8
Calculate (-2 - 6) + 0 + -47 + 55.
0
Evaluate -19 + (-11 - -19 - -18) + 9.
16
(3 + -20 + 6 - -5) + -7 - 1
-14
What is the value of -20 - (6 + (-1 - -2) + 69 + -79)?
-17
What is -1 - (-6 + -6) - 17?
-6
What is the value of 1 + 1 + 4 + (36 - 36)?
6
30 + -29 + -9 + -1 - (-2 + -1)
-6
What is the value of -3 - -6 - 15 - (-22 + 15 + 16)?
-21
What is the value of 37 + -20 + 23 + -46?
-6
Calculate -9 - (-51 + 26 - -17).
-1
(104 - 89) + (3 - 39)
-21
What is the value of 90 + -100 - (-2 + -